
Is 4848347909 prime?
True
Is 98509127 a prime number?
False
Is 8353817233 a prime number?
False
Is 388414913 a prime number?
False
Is 13404501287 composite?
False
Is 4297772027 composite?
False
Is 899421769 prime?
False
Is 1223972897 a prime number?
False
Is 1625475737 a prime number?
True
Is 618205943 prime?
False
Is 62906887 prime?
False
Is 16154580931 prime?
True
Is 3462986913 a composite number?
True
Is 59421169 prime?
False
Is 41045969959 composite?
False
Is 37631953 a prime number?
False
Is 9973944881 a prime number?
True
Is 230718439747 composite?
False
Is 4356360361 a prime number?
True
Is 2173359961 composite?
True
Is 3572820133 composite?
False
Is 79817550919 a composite number?
False
Is 32222750377 composite?
False
Is 1585526941 a composite number?
True
Is 3361392979 a prime number?
False
Is 73894957 prime?
False
Is 23317669 a prime number?
True
Is 1373557351 a prime number?
True
Is 11186017163 composite?
True
Is 5330605349 composite?
True
Is 7812733583 composite?
False
Is 3023471831 a prime number?
False
Is 165911696543 a prime number?
False
Is 10925717741 prime?
False
Is 76296481 prime?
True
Is 4407899957 prime?
True
Is 182263201 a composite number?
True
Is 41689433153 composite?
True
Is 899227339 a composite number?
True
Is 2701403 prime?
True
Is 49970357 composite?
True
Is 1447618241 a composite number?
False
Is 54675259 a composite number?
True
Is 618702463 prime?
True
Is 1669938983 prime?
True
Is 97893204137 a composite number?
True
Is 153721446991 composite?
True
Is 1499461597 a composite number?
False
Is 497444094097 composite?
False
Is 10686302131 composite?
False
Is 15478255033 a prime number?
True
Is 5785074679 composite?
False
Is 656067917 composite?
True
Is 1360046921 a composite number?
False
Is 98711761 composite?
True
Is 1765676153 a prime number?
True
Is 25132221929 a composite number?
False
Is 44637098833 a prime number?
True
Is 325668503 prime?
True
Is 2901098423 a composite number?
False
Is 2447381297 composite?
True
Is 118357811251 a composite number?
False
Is 4571106223 a composite number?
False
Is 86220653 a composite number?
True
Is 254740865541 a prime number?
False
Is 548053321 a prime number?
True
Is 1509237491 a prime number?
True
Is 192139681 a prime number?
False
Is 28030231693 composite?
True
Is 5314072679 composite?
False
Is 6179286391 a composite number?
False
Is 902292331 prime?
True
Is 1747638751 a composite number?
True
Is 24279382837 prime?
True
Is 1466572097 prime?
True
Is 2152777789 prime?
True
Is 24264553127 prime?
True
Is 847315369 prime?
False
Is 1364356109 composite?
True
Is 4106034067 prime?
False
Is 58940125801 prime?
False
Is 3009427403 a prime number?
False
Is 82118237 composite?
False
Is 608005121 prime?
True
Is 922789018 a composite number?
True
Is 1883108329 prime?
True
Is 45207829 prime?
False
Is 9383847007 prime?
True
Is 9454685657 composite?
True
Is 7957258607 composite?
True
Is 7497721571 a composite number?
True
Is 1189890629 prime?
True
Is 2024851879 composite?
False
Is 2906900627 a prime number?
False
Is 728418497 a prime number?
False
Is 4300680983 composite?
False
Is 1097171879 a prime number?
True
Is 18567519271 prime?
False
Is 1844544619 a composite number?
False
Is 5541931781 a prime number?
True
Is 59221517417 composite?
True
Is 32569672117 composite?
False
Is 7281103251 a prime number?
False
Is 40321373 composite?
False
Is 24775894147 a prime number?
False
Is 48343878587 a prime number?
False
Is 69427 composite?
False
Is 1896283621 prime?
False
Is 459606649 a composite number?
False
Is 346401350183 prime?
False
Is 1419275679 a prime number?
False
Is 7308304873 prime?
True
Is 148790833 prime?
True
Is 175496469 a composite number?
True
Is 3829262009 a composite number?
True
Is 3335948113 a composite number?
False
Is 3535524719 composite?
False
Is 2417612149 composite?
False
Is 3822842095 a prime number?
False
Is 1584884863 composite?
False
Is 234007827 composite?
True
Is 6181863103 prime?
False
Is 772946269 a composite number?
True
Is 289422907 composite?
True
Is 2738324921 prime?
False
Is 43425257797 a composite number?
False
Is 8452989899 a prime number?
True
Is 53544083 a composite number?
False
Is 14163653783 prime?
True
Is 11903609699 a composite number?
False
Is 76911421 a composite number?
True
Is 17638268539 prime?
True
Is 93558310793 prime?
True
Is 220160399 composite?
False
Is 1604944123 prime?
False
Is 195528098269 a composite number?
True
Is 202544449 a composite number?
True
Is 3037420597 a prime number?
True
Is 380884831 a prime number?
True
Is 400720069 prime?
True
Is 184353093445 a composite number?
True
Is 8625113171 a composite number?
False
Is 4541030999 prime?
False
Is 8662983431 a prime number?
True
Is 1753195573 a prime number?
False
Is 534951889 prime?
True
Is 39078825251 composite?
True
Is 245082251 a composite number?
True
Is 176091397 composite?
True
Is 2565016711 composite?
True
Is 1237717091 prime?
False
Is 95085819259 prime?
False
Is 11462695901 a prime number?
True
Is 57575170766 prime?
False
Is 4483866109 a composite number?
False
Is 17196790537 prime?
True
Is 1070593663 prime?
True
Is 17295174737 prime?
False
Is 382640387 composite?
False
Is 2035157479 a composite number?
False
Is 120863343 composite?
True
Is 3302654191 prime?
True
Is 35112186581 composite?
False
Is 24579649921 a prime number?
True
Is 31054069567 a prime number?
True
Is 11451383743 prime?
False
Is 262145120371 prime?
False
Is 3455945369 a prime number?
True
Is 86647517 a composite number?
True
Is 1958951633 prime?
False
Is 2963933927 a composite number?
False
Is 2249673457 composite?
True
Is 87953874395 prime?
False
Is 2039032115 composite?
True
Is 7144591259 prime?
False
Is 1742670427 composite?
False
Is 8837799 a prime number?
False
Is 45464144203 a composite number?
False
Is 48998771 a composite number?
True
Is 1482581081 prime?
False
Is 11945812811 prime?
True
Is 55196437049 a prime number?
False
Is 1152989599 a prime number?
True
Is 119833477 a prime number?
False
Is 1963024247 a composite number?
True
Is 311943553 a composite number?
True
Is 28301839 prime?
False
Is 964897873 prime?
True
Is 727758685 prime?
False
Is 295012541 a composite number?
True
Is 56075309027 a composite number?
False
Is 929764523 composite?
False
Is 465155603 composite?
True
Is 15813100697 a prime number?
False
Is 451207717 prime?
True
Is 341947681 a prime number?
True
Is 2889293167 a composite number?
True
Is 722717357 composite?
True
Is 13492287238 composite?
True
Is 29939235463 a composite number?
True
Is 610236617 a composite number?
True
Is 4700427743 composite?
True
Is 41119720118 composite?
True
Is 10638784523 a prime number?
False
Is 1199294779 prime?
True
Is 4607444191 composite?
True
Is 361091411 a prime number?
True
Is 9619061 composite?
False
Is 12817934999 a composite number?
False
Is 735636827 a prime number?
True
Is 4796437157 a prime number?
True
Is 26299507549 prime?
False
Is 20956837679 composite?
True
Is 1062266467 a composite number?
False
Is 3101243059 a composite number?
False
Is 210154771 a composite number?
True
Is 1107498919 composite?
False
Is 256023923 a prime number?
True
Is 43110634813 composite?
False
Is 24690593 a composite number?
True
Is 6417290071 prime?
False
Is 24957505021 a prime number?
True
Is 18741723391 a composite number?
False
Is 64963727 a composite number?
False
Is 73846536901 a prime number?
True
Is 1968872953 a composite number?
False
Is 5644052473 a composite number?
False
Is 39527113331 a composite number?
False
Is 705978293 a prime number?
True
Is 735686803 composite?
False
Is 7307292521 a composite number?
False
Is 1339701559 a composite number?
True
Is 124047583967 a composite number?
False
Is 596597485601 composite?
True
Is 3826164733 a prime number?
True
Is 734069857 a composite number?
False
Is 2253633043 prime?
False
Is 459138367 composite?
True
Is 323397839 composite?
False
Is 35590512157 a composite number?
True
Is 669140183 composite?
False
Is 36872811634 a prime number?
False
Is 3268149803 prime?
False
Is 22028240497 prime?
True
Is 1417253243 a prime number?
False
Is 927163067 composite?
False
Is 548026363 a composite number?
False
Is 1929063839 prime?
False
Is 4628613569 prime?
False
Is 10161706934 a composite number?
True
Is 39